 is the remainder when g is divided by 13?
12
Suppose 5*x = 4*x + 40. Let s = 17 + -3. What is the remainder when x is divided by s?
12
Let o(j) be the first derivative of j**2/2 - 6*j + 1. Let m be o(5). What is the remainder when 31 is divided by 63/6 - m/2?
9
Let p = 1 - 3. Let r(j) = 3*j**2 + j - 2. What is the remainder when 14 is divided by r(p)?
6
Let j = 62 + -27. Calculate the remainder when j is divided by 13.
9
Let k(p) be the second derivative of 1/3*p**4 - 2*p + 0 - 1/6*p**3 - p**2 - 1/20*p**5. Calculate the remainder when 11 is divided by k(3).
3
Let w = 3 - -5. Let y = w + -6. Suppose y*q = -3*q + 35. What is the remainder when 20 is divided by q?
6
Let x(m) = -m**3 + 12*m**2. Let p be x(12). Suppose p = -h + 3*h - 10. What is the remainder when 9 is divided by h?
4
Let b = 15 - -1. Let z = 0 + -6. Let m = 12 + z. What is the remainder when b is divided by m?
4
Suppose -111 = -2*o - r + 181, 0 = 5*o + 4*r - 733. Suppose -3*g + 8*g - o = 0. Suppose -557*b = -553*b - 64. What is the remainder when g is divided by b?
13
Suppose -86 = -3*p + 64. Let d(c) = c**2 - 4*c - 8. What is the remainder when p is divided by d(7)?
11
Let i(v) = 3*v**3 - 4*v**2 - v + 1. Calculate the remainder when i(3) is divided by 11.
10
Let v(y) = 2*y**2 - 13*y - 8. Calculate the remainder when v(12) is divided by 25.
24
Suppose -9 = 2*j - 45. Calculate the remainder when 53 is divided by j.
17
Suppose -f - h = f - 6, -9 = -3*f + 2*h. What is the remainder when 9 is divided by f?
0
Let v = -30 - -55. Let i = v - 15. What is the remainder when 27 is divided by i?
7
Suppose 3*u + 97 = 370. Calculate the remainder when u is divided by 31.
29
Let k = 18 - 10. Calculate the remainder when 47 is divided by k.
7
Suppose 0*v + 1442 = -v. What is the remainder when (-6)/8 + v/(-56) is divided by 14?
11
Let p be 160/3*12/10. Suppose g = 5*g - p. Let a = -7 + 16. What is the remainder when g is divided by a?
7
Let k(l) = 7*l - 5. Let g be k(5). Let u = g + -18. Calculate the remainder when 23 is divided by u.
11
Let h(r) be the first derivative of -11*r**4/4 + r**3/3 + r**2/2 - 1. Suppose -3*p + 8*p - 20 = 0. Calculate the remainder when h(-1) is divided by p.
3
Let a(d) = d + 6. Let q = -5 - -11. What is the remainder when 38 - (3 - 3 - -3) is divided by a(q)?
11
Let g be -2 - (-2)/(3 + -2). Let z be (4/(-8)*10)/(-2 + 1). Suppose g*h = -z*h + 4*s + 94, 104 = 4*h + 4*s. What is the remainder when h is divided by 12?
10
Let d(f) = 3*f**2 - 6*f - 4. Suppose 7 = 2*c + 2*g - 3*g, -3*g + 14 = c. Suppose 0 = -c*n + 40 + 15. Calculate the remainder when d(5) is divided by n.
8
Suppose -3*x - 6 = -21. Suppose -15 = -2*u - 7, -u - 11 = -x*t. Suppose 26 - 79 = -5*p - t*b, 4*b = -5*p + 49. What is the remainder when 25 is divided by p?
12
Let q be (-66)/5 + (-5)/(-25). Let n = 15 + q. What is the remainder when 3 is divided by n?
1
Let c = -13 - -3. Let g(l) = l**2 + 12*l - 4. Let a(b) = -4*b**2 - 49*b + 15. Let w(n) = -2*a(n) - 9*g(n). What is the remainder when 11 is divided by w(c)?
5
Let k(h) = 2*h - 20. Calculate the remainder when 20 is divided by k(15).
0
Suppose 0 = -2*p + 25 + 13. Let r be (-7)/35 + 92/10. Let v = p - r. What is the remainder when v is divided by 4?
2
Suppose -5*z + 152 = 3*u - 2*u, -z = -2*u - 37. What is the remainder when 59 is divided by z?
28
Calculate the remainder when 83 is divided by (-32)/2*(-21)/12.
27
Suppose 6*p = 7*p - 46. Suppose 0 = -3*k - 5*i + 29, 2*k - 4*i = -2*i + p. What is the remainder when 52 is divided by k?
16
Suppose 2*l + 48 = 6*l. Suppose -b - l = -o + b, 4*o - 84 = -4*b. What is the remainder when ((-1)/2)/((-3)/312) is divided by o?
16
Let t(o) = o + 1. Let c be t(-4). Let u(f) = 2*f**2 + 5*f + 4. Let l be u(c). Let h = l + -3. Calculate the remainder when h is divided by 2.
0
Suppose 4*b - 115 = -4*m - 19, 2*m - 51 = b. Let w = 0 - -7. Calculate the remainder when m is divided by w.
4
Suppose -3*t + 2 = -4*z + 3*z, z - 14 = -5*t. Suppose z*c - 30 = -c. What is the remainder when 10 is divided by c?
4
Let u(l) = 4*l + 14. What is the remainder when (-2)/(2/(-27)) + 0 is divided by u(0)?
13
Let n(s) = -s**3 - 28*s**2 - s - 18. What is the remainder when 11 is divided by n(-28)?
1
Suppose 5*d - m - 105 = m, -4*d = -3*m - 84. Suppose 5*x = 2*b + d, -4*b + b + 5*x = 19. Calculate the remainder when b is divided by 2.
0
Let v = 7 - 1. Suppose -8 = f + 4*f - 3*n, -v = f - 5*n. Calculate the remainder when (-105)/(-10) + f/(-2) is divided by 4.
3
Let x = 10 - 6. Suppose -x*t = -5*h + 52, 4*h = -t + 18 + 11. What is the remainder when 2*-1*(-14)/2 is divided by h?
6
Suppose -1 = b - 52. Let l(h) = h + 24. Calculate the remainder when b is divided by l(3).
24
Let l(p) = p**2 - 6*p + 10. Let o be l(11). Let c = o + -12. What is the remainder when c is divided by 18?
17
Suppose 10*y - 6*y = 40. Let x be 148/(-6) + 2/3. Let s = x + 43. What is the remainder when s is divided by y?
9
Suppose -z + 15 = r, z = 6*z + r - 55. Calculate the remainder when (-6 + 0)*(-26)/4 is divided by z.
9
Let d = 58 - 18. What is the remainder when d is divided by 4/((-4)/1)*-21?
19
Suppose -3*i - 2*k = -0*i + 157, -49 = i - k. Let n = -28 - i. Let d(o) = 3*o**2 + 2*o. What is the remainder when n is divided by d(-2)?
7
Calculate the remainder when 93 is divided by (2 + 15 - -1) + (12 - 11).
17
Suppose -3*j + 4*u + 102 = 0, j - 4 = 4*u + 38. What is the remainder when j is divided by 8?
6
Suppose a + 4 = -3*a, -5*b + 61 = 4*a. Calculate the remainder when 38 is divided by b.
12
Let l = 50 + 45. Calculate the remainder when 2/(-4) - l/(-10) is divided by 4.
1
Suppose -4*g + 9*g + 45 = 0. Let b = 8 + g. What is the remainder when 28 is divided by b*-5*6/3?
8
Let w(m) = -m**3 - m**2 - m + 7. Let d be w(0). Let n = d - 4. Calculate the remainder when n is divided by 3.
0
Let g = -143 - -233. Suppose 0*l + g = 2*l. Suppose 18 = x + 3*w, -3*x - 2*x + 3*w = -54. Calculate the remainder when l is divided by x.
9
Let y = -35 + 54. Let r = 2 - -7. Let o = y - r. Calculate the remainder when 28 is divided by o.
8
What is the remainder when 3/((-6)/(-26))*1 is divided by ((-12)/(-5))/(3/10)?
5
Let i(q) be the first derivative of 5*q**2/2 - 4. Calculate the remainder when 9 is divided by i(1).
4
Suppose 5*l - 5 = 4*l. Suppose -2*q = -l - 13. Calculate the remainder when 34 is divided by q.
7
Suppose n - 4*n = 0. Let c = n - -2. What is the remainder when -1 - ((0 - 0) + -3) is divided by c?
0
Suppose -5*f + 32 = -y, -3*f - 82 = 2*y + 2*y. Let d = 51 - 11. Let n = d + y. What is the remainder when n is divided by 10?
8
Let n = -29 - -59. What is the remainder when n is divided by 11?
8
Suppose -24*p + 86 = -22*p. What is the remainder when p is divided by 4?
3
Let o(f) = f**2 - 2*f + 24. Calculate the remainder when o(7) is divided by 20.
19
Let n be (-6)/15 - 314/(-10). Suppose 4*u = 3*d + 69, n = 2*u - 5*d - 0. Calculate the remainder when u is divided by 7.
4
Let d = 52 + -26. What is the remainder when 23 is divided by -7*(2 + d/(-7))?
11
Let u(c) = 2*c**2 + 11*c - 5. Let g be u(-8). Suppose 0 = -2*o + 3*o - g. What is the remainder when o is divided by (0 + -1)*1*-12?
11
Let x(l) = l**3 + 5*l**2 - l - 5. Calculate the remainder when 27 is divided by x(-4).
12
Suppose 0 = -b + 4*b - 4*u + 4, u = -b + 1. What is the remainder when 418/18 - 2/9 is divided by b + 5 - (-15)/5?
7
Suppose 0 = -2*d + 12 + 82. Suppose 11 - d = -2*c. Suppose 2*y + 3*n - 5 = -0*n, -38 = -5*y + n. Calculate the remainder when c is divided by y.
4
Let n = -3 - 13. Let k = 9 - n. Calculate the remainder when 49 is divided by k.
24
Let y = 5 + 5. Suppose 72 = 7*w - 3*w. What is the remainder when w is divided by y?
8
Suppose 6*s - 42 = 3*s. What is the remainder when s is divided by 8?
6
Let d be (-4)/2*(0 + -2). Calculate the remainder when (-66)/d*(-1 - 1) is divided by -6*(4/(-9) + 98/(-63)).
9
Suppose 0*p + 6*p = 276. What is the remainder when 183 is divided by p?
45
Let w(l) = -2*l + 36. Calculate the remainder when 94 is divided by w(6).
22
Let r(q) be the second derivative of -5*q**3/6 + 2*q. Suppose -15*n + 65 = -10*n. Calculate the remainder when r(-5) is divided by n.
12
Suppose -5*b = -4*r - 483, b - 9 = -4*r + 78. What is the remainder when b is divided by 16?
15
Let i be 6/4*1